{"id":31,"date":"2024-01-21T14:03:32","date_gmt":"2024-01-21T13:03:32","guid":{"rendered":"https:\/\/admix-bud.pl\/?page_id=31"},"modified":"2026-01-23T15:53:08","modified_gmt":"2026-01-23T14:53:08","slug":"kontakt","status":"publish","type":"page","link":"https:\/\/admix-bud.pl\/?page_id=31","title":{"rendered":"Kontakt"},"content":{"rendered":"\n<p><strong>ADMIX-BUD<\/strong> <br><img decoding=\"async\" width=\"19\" height=\"29\" class=\"wp-image-315\" style=\"width: 19px;\" src=\"http:\/\/admix-bud.pl\/wp-content\/uploads\/2024\/01\/pinezka-strona.png\" alt=\"\">  Petera 64, 22-600 Tomasz\u00f3w Lubelski<br><img decoding=\"async\" width=\"18\" height=\"18\" class=\"wp-image-313\" style=\"width: 18px;\" src=\"http:\/\/admix-bud.pl\/wp-content\/uploads\/2024\/01\/facebook-sluchawka.png\" alt=\"\">  500 036 413  , (84) 543 27 42 <br><img decoding=\"async\" width=\"20\" height=\"13\" class=\"wp-image-314\" style=\"width: 20px;\" src=\"http:\/\/admix-bud.pl\/wp-content\/uploads\/2024\/01\/mailstrona.png\" alt=\"\" srcset=\"https:\/\/admix-bud.pl\/wp-content\/uploads\/2024\/01\/mailstrona.png 329w, https:\/\/admix-bud.pl\/wp-content\/uploads\/2024\/01\/mailstrona-300x201.png 300w\" sizes=\"(max-width: 20px) 100vw, 20px\" \/>  biuro@admix-bud.pl<br>          <\/p>\n\n\n\n<h3 class=\"wp-block-heading\">Godziny Otwarcia:<\/h3>\n\n\n\n<p><strong>Poniedzia\u0142ek &#8211; Pi\u0105tek<\/strong>: <em>08:00 &#8211; 16:00<\/em><br><strong>Sobota<\/strong>: <em>08:00 &#8211; 13:00<\/em><br><strong>Niedziela<\/strong>: <em>Zamkni\u0119te<\/em><br> <\/p>\n\n\n\n<h3 class=\"wp-block-heading\">Masz pytanie? Napisz do nas<\/h3>\n\n\n\n<div class=\"wp-block-columns is-layout-flex wp-container-core-columns-is-layout-9d6595d7 wp-block-columns-is-layout-flex\">\n<div class=\"wp-block-column is-layout-flow wp-block-column-is-layout-flow\">\n<div class=\"wpcf7 no-js\" id=\"wpcf7-f405-o1\" lang=\"pl-PL\" dir=\"ltr\" data-wpcf7-id=\"405\">\n<div class=\"screen-reader-response\"><p role=\"status\" aria-live=\"polite\" aria-atomic=\"true\"><\/p> <ul><\/ul><\/div>\n<form action=\"\/index.php?rest_route=%2Fwp%2Fv2%2Fpages%2F31#wpcf7-f405-o1\" method=\"post\" class=\"wpcf7-form init\" aria-label=\"Formularz kontaktowy\" novalidate=\"novalidate\" data-status=\"init\">\n<div style=\"display: none;\">\n<input type=\"hidden\" name=\"_wpcf7\" value=\"405\" \/>\n<input type=\"hidden\" name=\"_wpcf7_version\" value=\"6.0.2\" \/>\n<input type=\"hidden\" name=\"_wpcf7_locale\" value=\"pl_PL\" \/>\n<input type=\"hidden\" name=\"_wpcf7_unit_tag\" value=\"wpcf7-f405-o1\" \/>\n<input type=\"hidden\" name=\"_wpcf7_container_post\" value=\"0\" \/>\n<input type=\"hidden\" name=\"_wpcf7_posted_data_hash\" value=\"\" \/>\n<input type=\"hidden\" name=\"_wpcf7_recaptcha_response\" value=\"\" \/>\n<\/div>\n<p><label> Twoje imi\u0119 i nazwisko<br \/>\n<span class=\"wpcf7-form-control-wrap\" data-name=\"your-name\"><input size=\"40\" maxlength=\"400\" class=\"wpcf7-form-control wpcf7-text wpcf7-validates-as-required\" autocomplete=\"name\" aria-required=\"true\" aria-invalid=\"false\" value=\"\" type=\"text\" name=\"your-name\" \/><\/span> <\/label>\n<\/p>\n<p><label> Tw\u00f3j adres e-mail<br \/>\n<span class=\"wpcf7-form-control-wrap\" data-name=\"your-email\"><input size=\"40\" maxlength=\"400\" class=\"wpcf7-form-control wpcf7-email wpcf7-validates-as-required wpcf7-text wpcf7-validates-as-email\" autocomplete=\"email\" aria-required=\"true\" aria-invalid=\"false\" value=\"\" type=\"email\" name=\"your-email\" \/><\/span> <\/label>\n<\/p>\n<p><label> Temat<br \/>\n<span class=\"wpcf7-form-control-wrap\" data-name=\"your-subject\"><input size=\"40\" maxlength=\"400\" class=\"wpcf7-form-control wpcf7-text wpcf7-validates-as-required\" aria-required=\"true\" aria-invalid=\"false\" value=\"\" type=\"text\" name=\"your-subject\" \/><\/span> <\/label>\n<\/p>\n<p><label> Twoja wiadomo\u015bci (opcjonalne)<br \/>\n<span class=\"wpcf7-form-control-wrap\" data-name=\"your-message\"><textarea cols=\"40\" rows=\"10\" maxlength=\"2000\" class=\"wpcf7-form-control wpcf7-textarea\" aria-invalid=\"false\" name=\"your-message\"><\/textarea><\/span> <\/label>\n<\/p>\n<p><input class=\"wpcf7-form-control wpcf7-submit has-spinner\" type=\"submit\" value=\"Wy\u015blij\" \/>\n<\/p><div class=\"wpcf7-response-output\" aria-hidden=\"true\"><\/div>\n<\/form>\n<\/div>\n\n<\/div>\n\n\n\n<div class=\"wp-block-column is-layout-flow wp-block-column-is-layout-flow\">\n<figure class=\"wp-block-gallery has-nested-images columns-default is-cropped wp-block-gallery-1 is-layout-flex wp-block-gallery-is-layout-flex\">\n<figure class=\"wp-block-image size-large\"><img loading=\"lazy\" decoding=\"async\" width=\"973\" height=\"1024\" data-id=\"885\" src=\"http:\/\/admix-bud.pl\/wp-content\/uploads\/2026\/01\/Gemini_Generated_Image_hnorb6hnorb6hnor-973x1024.png\" alt=\"\" class=\"wp-image-885\" srcset=\"https:\/\/admix-bud.pl\/wp-content\/uploads\/2026\/01\/Gemini_Generated_Image_hnorb6hnorb6hnor-973x1024.png 973w, https:\/\/admix-bud.pl\/wp-content\/uploads\/2026\/01\/Gemini_Generated_Image_hnorb6hnorb6hnor-285x300.png 285w, https:\/\/admix-bud.pl\/wp-content\/uploads\/2026\/01\/Gemini_Generated_Image_hnorb6hnorb6hnor-768x808.png 768w, https:\/\/admix-bud.pl\/wp-content\/uploads\/2026\/01\/Gemini_Generated_Image_hnorb6hnorb6hnor-1459x1536.png 1459w, https:\/\/admix-bud.pl\/wp-content\/uploads\/2026\/01\/Gemini_Generated_Image_hnorb6hnorb6hnor.png 1482w\" sizes=\"(max-width: 973px) 100vw, 973px\" \/><\/figure>\n<\/figure>\n<\/div>\n<\/div>\n\n\n\n<p><\/p>\n","protected":false},"excerpt":{"rendered":"<p>ADMIX-BUD Petera 64, 22-600 Tomasz\u00f3w Lubelski 500 036 413 , (84) 543 27 42 biuro@admix-bud.pl Godziny Otwarcia: Poniedzia\u0142ek &#8211; Pi\u0105tek: 08:00 &#8211; 16:00Sobota: 08:00 &#8211; 13:00Niedziela: Zamkni\u0119te Masz pytanie? Napisz do nas<\/p>\n","protected":false},"author":1,"featured_media":0,"parent":295,"menu_order":0,"comment_status":"closed","ping_status":"closed","template":"","meta":{"footnotes":""},"class_list":["post-31","page","type-page","status-publish"],"_links":{"self":[{"href":"https:\/\/admix-bud.pl\/index.php?rest_route=\/wp\/v2\/pages\/31","targetHints":{"allow":["GET"]}}],"collection":[{"href":"https:\/\/admix-bud.pl\/index.php?rest_route=\/wp\/v2\/pages"}],"about":[{"href":"https:\/\/admix-bud.pl\/index.php?rest_route=\/wp\/v2\/types\/page"}],"author":[{"embeddable":true,"href":"https:\/\/admix-bud.pl\/index.php?rest_route=\/wp\/v2\/users\/1"}],"replies":[{"embeddable":true,"href":"https:\/\/admix-bud.pl\/index.php?rest_route=%2Fwp%2Fv2%2Fcomments&post=31"}],"version-history":[{"count":17,"href":"https:\/\/admix-bud.pl\/index.php?rest_route=\/wp\/v2\/pages\/31\/revisions"}],"predecessor-version":[{"id":887,"href":"https:\/\/admix-bud.pl\/index.php?rest_route=\/wp\/v2\/pages\/31\/revisions\/887"}],"up":[{"embeddable":true,"href":"https:\/\/admix-bud.pl\/index.php?rest_route=\/wp\/v2\/pages\/295"}],"wp:attachment":[{"href":"https:\/\/admix-bud.pl\/index.php?rest_route=%2Fwp%2Fv2%2Fmedia&parent=31"}],"curies":[{"name":"wp","href":"https:\/\/api.w.org\/{rel}","templated":true}]}}