{"id":277,"date":"2024-01-22T20:03:18","date_gmt":"2024-01-22T19:03:18","guid":{"rendered":"https:\/\/admix-bud.pl\/?page_id=277"},"modified":"2025-01-09T16:18:33","modified_gmt":"2025-01-09T15:18:33","slug":"panele","status":"publish","type":"page","link":"https:\/\/admix-bud.pl\/?page_id=277","title":{"rendered":"Panele"},"content":{"rendered":"\n<div class=\"wp-block-cover alignwide\" style=\"min-height:100px;aspect-ratio:unset;\"><span aria-hidden=\"true\" class=\"wp-block-cover__background has-accent-background-color has-background-dim-100 has-background-dim\"><\/span><div class=\"wp-block-cover__inner-container is-layout-constrained wp-block-cover-is-layout-constrained\">\n<h3 class=\"wp-block-heading has-text-align-left has-x-large-font-size\"><strong><sub>PANELE OGRODZENIOWE 3D<\/sub><\/strong><\/h3>\n<\/div><\/div>\n\n\n\n<p><\/p>\n\n\n\n<p><strong>Ogrodzenia panelowe<\/strong> to popularne rozwi\u0105zanie, charakteryzuj\u0105ce si\u0119 \u0142atwym monta\u017cem, wysok\u0105 trwa\u0142o\u015bci\u0105 i skutecznym zabezpieczeniem antykorozyjnym. <\/p>\n\n\n\n<div class=\"wp-block-columns is-layout-flex wp-container-core-columns-is-layout-9d6595d7 wp-block-columns-is-layout-flex\">\n<div class=\"wp-block-column is-layout-flow wp-block-column-is-layout-flow\">\n<figure class=\"wp-block-image size-large\"><img fetchpriority=\"high\" decoding=\"async\" width=\"1024\" height=\"681\" src=\"https:\/\/admix-bud.pl\/wp-content\/uploads\/2024\/01\/Screenshot_2024-01-27-10-03-10-250_com.facebook.katana-1-1024x681.jpg\" alt=\"\" class=\"wp-image-435\" srcset=\"https:\/\/admix-bud.pl\/wp-content\/uploads\/2024\/01\/Screenshot_2024-01-27-10-03-10-250_com.facebook.katana-1-1024x681.jpg 1024w, https:\/\/admix-bud.pl\/wp-content\/uploads\/2024\/01\/Screenshot_2024-01-27-10-03-10-250_com.facebook.katana-1-300x200.jpg 300w, https:\/\/admix-bud.pl\/wp-content\/uploads\/2024\/01\/Screenshot_2024-01-27-10-03-10-250_com.facebook.katana-1-768x511.jpg 768w, https:\/\/admix-bud.pl\/wp-content\/uploads\/2024\/01\/Screenshot_2024-01-27-10-03-10-250_com.facebook.katana-1.jpg 1058w\" sizes=\"(max-width: 1024px) 100vw, 1024px\" \/><\/figure>\n<\/div>\n\n\n\n<div class=\"wp-block-column is-layout-flow wp-block-column-is-layout-flow\">\n<figure class=\"wp-block-image size-large\"><img decoding=\"async\" width=\"1024\" height=\"683\" src=\"https:\/\/admix-bud.pl\/wp-content\/uploads\/2024\/01\/Screenshot_2024-01-27-10-09-04-357_com.facebook.katana-1024x683.jpg\" alt=\"\" class=\"wp-image-439\" srcset=\"https:\/\/admix-bud.pl\/wp-content\/uploads\/2024\/01\/Screenshot_2024-01-27-10-09-04-357_com.facebook.katana-1024x683.jpg 1024w, https:\/\/admix-bud.pl\/wp-content\/uploads\/2024\/01\/Screenshot_2024-01-27-10-09-04-357_com.facebook.katana-300x200.jpg 300w, https:\/\/admix-bud.pl\/wp-content\/uploads\/2024\/01\/Screenshot_2024-01-27-10-09-04-357_com.facebook.katana-768x512.jpg 768w, https:\/\/admix-bud.pl\/wp-content\/uploads\/2024\/01\/Screenshot_2024-01-27-10-09-04-357_com.facebook.katana.jpg 1112w\" sizes=\"(max-width: 1024px) 100vw, 1024px\" \/><\/figure>\n<\/div>\n<\/div>\n\n\n\n<p>Wykonane z wysokiej jako\u015bci stali, s\u0105 odporne na warunki atmosferyczne i mechaniczne uszkodzenia. Proces cynkowania  oraz malowania proszkowego, kt\u00f3rym s\u0105 poddawane, zapewnia skuteczn\u0105 ochron\u0119 przed korozj\u0105. <\/p>\n\n\n\n<p><strong>Z wzgl\u0119du, \u017ce s\u0105 stosunkowo niedrogie w zakupie i monta\u017cu, a jednocze\u015bnie prezentuj\u0105 si\u0119 estetycznie, s\u0105 wybierane przez coraz wi\u0119ksz\u0105 liczb\u0119 os\u00f3b i firm.<\/strong>  <\/p>\n\n\n\n<p>Na kompletny system panelowy sk\u0142ada si\u0119 <strong>panel<\/strong> , <strong>s\u0142upek<\/strong> , <strong>obejmy<\/strong> , <strong>podmur\u00f3wka<\/strong> oraz<strong> uchwyty do podmur\u00f3wki<\/strong>(ceownik).                                                                                                             <\/p>\n\n\n\n<p>Ogrodzenia panelowe dost\u0119pne s\u0105 w pi\u0119ciu poni\u017cszych kolorach: <\/p>\n\n\n<div class=\"wp-block-image\">\n<figure class=\"aligncenter size-full is-resized\"><img decoding=\"async\" width=\"979\" height=\"176\" src=\"https:\/\/admix-bud.pl\/wp-content\/uploads\/2024\/01\/KOLORY.png\" alt=\"\" class=\"wp-image-429\" style=\"width:785px;height:auto\" srcset=\"https:\/\/admix-bud.pl\/wp-content\/uploads\/2024\/01\/KOLORY.png 979w, https:\/\/admix-bud.pl\/wp-content\/uploads\/2024\/01\/KOLORY-300x54.png 300w, https:\/\/admix-bud.pl\/wp-content\/uploads\/2024\/01\/KOLORY-768x138.png 768w\" sizes=\"(max-width: 979px) 100vw, 979px\" \/><\/figure>\n<\/div>\n\n\n<p><strong>Panele ogrodzeniowe 3D<\/strong> w naszej ofercie dost\u0119pne s\u0105 w r\u00f3\u017cnych wersjach, wykonane z pr\u0119t\u00f3w o grubo\u015bci <strong>4,0 mm<\/strong> lub <strong>5,0 mm<\/strong> o standardowej szeroko\u015bci <strong>250cm<\/strong>.                   <\/p>\n\n\n\n<p>Posiadaj\u0105 one 2, 3 lub 4 przet\u0142oczenia w zale\u017cno\u015bci od wysoko\u015bci oraz g\u0119sto zgrzewane pr\u0119ty ,co 20cm w pionie oraz co 5cm w poziomie, dzi\u0119ki czemu panele s\u0105 sztywniejsze.<\/p>\n\n\n\n<p><strong>S\u0142upki ogrodzeniowe<\/strong> do ogrodze\u0144 panelowych wykonane s\u0105 z profila 60x40mm, na g\u00f3rze s\u0142upka znajduj\u0119 si\u0119 nasadka z tworzywa sztucznego. W zale\u017cno\u015bci od wysoko\u015bci ogrodzenia oraz ukszta\u0142towania terenu dobieramy odpowiedniej d\u0142ugo\u015bci s\u0142upki.  <\/p>\n\n\n<div class=\"wp-block-image\">\n<figure class=\"aligncenter size-large\"><img loading=\"lazy\" decoding=\"async\" width=\"1024\" height=\"205\" src=\"https:\/\/admix-bud.pl\/wp-content\/uploads\/2024\/01\/obejmy-1024x205.png\" alt=\"\" class=\"wp-image-440\" srcset=\"https:\/\/admix-bud.pl\/wp-content\/uploads\/2024\/01\/obejmy-1024x205.png 1024w, https:\/\/admix-bud.pl\/wp-content\/uploads\/2024\/01\/obejmy-300x60.png 300w, https:\/\/admix-bud.pl\/wp-content\/uploads\/2024\/01\/obejmy-768x154.png 768w, https:\/\/admix-bud.pl\/wp-content\/uploads\/2024\/01\/obejmy.png 1500w\" sizes=\"(max-width: 1024px) 100vw, 1024px\" \/><\/figure>\n<\/div>\n\n\n<p><strong>Obejmy monta\u017cowe<\/strong> umo\u017cliwiaj\u0105 po\u0142\u0105czenie paneli z s\u0142upkiem. Ilo\u015b\u0107 obejm, kt\u00f3re s\u0105 mocowane zale\u017cy od wysoko\u015bci panela. Wyst\u0119puj\u0105 3 rodzaje obejm przelotowe , naro\u017cne oraz ko\u0144cowe.           <\/p>\n\n\n\n<div class=\"wp-block-columns is-layout-flex wp-container-core-columns-is-layout-9d6595d7 wp-block-columns-is-layout-flex\">\n<div class=\"wp-block-column is-layout-flow wp-block-column-is-layout-flow\">\n<figure class=\"wp-block-gallery has-nested-images columns-default is-cropped wp-block-gallery-1 is-layout-flex wp-block-gallery-is-layout-flex\">\n<figure class=\"wp-block-image size-large\"><img loading=\"lazy\" decoding=\"async\" width=\"1024\" height=\"768\" data-id=\"445\" src=\"https:\/\/admix-bud.pl\/wp-content\/uploads\/2024\/01\/IMG_20230613_115813-1-1024x768.jpg\" alt=\"\" class=\"wp-image-445\" srcset=\"https:\/\/admix-bud.pl\/wp-content\/uploads\/2024\/01\/IMG_20230613_115813-1-1024x768.jpg 1024w, https:\/\/admix-bud.pl\/wp-content\/uploads\/2024\/01\/IMG_20230613_115813-1-300x225.jpg 300w, https:\/\/admix-bud.pl\/wp-content\/uploads\/2024\/01\/IMG_20230613_115813-1-768x576.jpg 768w, https:\/\/admix-bud.pl\/wp-content\/uploads\/2024\/01\/IMG_20230613_115813-1-1536x1152.jpg 1536w, https:\/\/admix-bud.pl\/wp-content\/uploads\/2024\/01\/IMG_20230613_115813-1-2048x1536.jpg 2048w\" sizes=\"(max-width: 1024px) 100vw, 1024px\" \/><\/figure>\n<\/figure>\n<\/div>\n\n\n\n<div class=\"wp-block-column is-layout-flow wp-block-column-is-layout-flow\">\n<figure class=\"wp-block-image size-large\"><img loading=\"lazy\" decoding=\"async\" width=\"1024\" height=\"768\" src=\"https:\/\/admix-bud.pl\/wp-content\/uploads\/2024\/01\/IMG_20230613_115724-1024x768.jpg\" alt=\"\" class=\"wp-image-446\" srcset=\"https:\/\/admix-bud.pl\/wp-content\/uploads\/2024\/01\/IMG_20230613_115724-1024x768.jpg 1024w, https:\/\/admix-bud.pl\/wp-content\/uploads\/2024\/01\/IMG_20230613_115724-300x225.jpg 300w, https:\/\/admix-bud.pl\/wp-content\/uploads\/2024\/01\/IMG_20230613_115724-768x576.jpg 768w, https:\/\/admix-bud.pl\/wp-content\/uploads\/2024\/01\/IMG_20230613_115724-1536x1152.jpg 1536w, https:\/\/admix-bud.pl\/wp-content\/uploads\/2024\/01\/IMG_20230613_115724-2048x1536.jpg 2048w\" sizes=\"(max-width: 1024px) 100vw, 1024px\" \/><\/figure>\n<\/div>\n<\/div>\n\n\n\n<p><strong>Podmur\u00f3wka<\/strong> stanowi \u0142\u0105cznik pomi\u0119dzy gruntem, a panelem. Cechuje je prosty monta\u017c i estetyczny wygl\u0105d, doskonale zast\u0119puj\u0119 kosztowny w w wykonaniu fundament.<\/p>\n\n\n<div class=\"wp-block-image\">\n<figure class=\"aligncenter size-large is-resized\"><img loading=\"lazy\" decoding=\"async\" width=\"982\" height=\"1024\" src=\"https:\/\/admix-bud.pl\/wp-content\/uploads\/2024\/01\/IMG_20220326_110936-982x1024.jpg\" alt=\"\" class=\"wp-image-442\" style=\"width:446px;height:auto\" srcset=\"https:\/\/admix-bud.pl\/wp-content\/uploads\/2024\/01\/IMG_20220326_110936-982x1024.jpg 982w, https:\/\/admix-bud.pl\/wp-content\/uploads\/2024\/01\/IMG_20220326_110936-288x300.jpg 288w, https:\/\/admix-bud.pl\/wp-content\/uploads\/2024\/01\/IMG_20220326_110936-768x801.jpg 768w, https:\/\/admix-bud.pl\/wp-content\/uploads\/2024\/01\/IMG_20220326_110936-1474x1536.jpg 1474w, https:\/\/admix-bud.pl\/wp-content\/uploads\/2024\/01\/IMG_20220326_110936-1965x2048.jpg 1965w\" sizes=\"(max-width: 982px) 100vw, 982px\" \/><\/figure>\n<\/div>\n\n\n<p><strong>Uchwyt podmur\u00f3wki<\/strong> (ceownik) mocowany jest do s\u0142upka za pomoc\u0105 wkr\u0119t\u00f3w samowierc\u0105cych. Wybierany zamiast \u0142\u0105cznika betonowego przez \u0142atwy i szybki monta\u017c. <\/p>\n\n\n\n<p><\/p>\n","protected":false},"excerpt":{"rendered":"<p>Ogrodzenia panelowe to popularne rozwi\u0105zanie, charakteryzuj\u0105ce si\u0119 \u0142atwym monta\u017cem, wysok\u0105 trwa\u0142o\u015bci\u0105 i skutecznym zabezpieczeniem antykorozyjnym. Wykonane z wysokiej jako\u015bci stali, s\u0105 odporne na warunki atmosferyczne i mechaniczne uszkodzenia. Proces cynkowania oraz malowania proszkowego, kt\u00f3rym s\u0105 poddawane, zapewnia skuteczn\u0105 ochron\u0119 przed korozj\u0105. Z wzgl\u0119du, \u017ce s\u0105 stosunkowo niedrogie w zakupie i monta\u017cu, a jednocze\u015bnie prezentuj\u0105 si\u0119 &#8230; <a title=\"Panele\" class=\"read-more\" href=\"https:\/\/admix-bud.pl\/?page_id=277\" aria-label=\"Dowiedz si\u0119 wi\u0119cej o Panele\">Dowiedz si\u0119 wi\u0119cej<\/a><\/p>\n","protected":false},"author":1,"featured_media":0,"parent":29,"menu_order":0,"comment_status":"closed","ping_status":"closed","template":"","meta":{"footnotes":""},"class_list":["post-277","page","type-page","status-publish"],"_links":{"self":[{"href":"https:\/\/admix-bud.pl\/index.php?rest_route=\/wp\/v2\/pages\/277","targetHints":{"allow":["GET"]}}],"collection":[{"href":"https:\/\/admix-bud.pl\/index.php?rest_route=\/wp\/v2\/pages"}],"about":[{"href":"https:\/\/admix-bud.pl\/index.php?rest_route=\/wp\/v2\/types\/page"}],"author":[{"embeddable":true,"href":"https:\/\/admix-bud.pl\/index.php?rest_route=\/wp\/v2\/users\/1"}],"replies":[{"embeddable":true,"href":"https:\/\/admix-bud.pl\/index.php?rest_route=%2Fwp%2Fv2%2Fcomments&post=277"}],"version-history":[{"count":31,"href":"https:\/\/admix-bud.pl\/index.php?rest_route=\/wp\/v2\/pages\/277\/revisions"}],"predecessor-version":[{"id":601,"href":"https:\/\/admix-bud.pl\/index.php?rest_route=\/wp\/v2\/pages\/277\/revisions\/601"}],"up":[{"embeddable":true,"href":"https:\/\/admix-bud.pl\/index.php?rest_route=\/wp\/v2\/pages\/29"}],"wp:attachment":[{"href":"https:\/\/admix-bud.pl\/index.php?rest_route=%2Fwp%2Fv2%2Fmedia&parent=277"}],"curies":[{"name":"wp","href":"https:\/\/api.w.org\/{rel}","templated":true}]}}